)/(-4)*1*-4. What are the prime factors of (-8)/(0 - (-6)/c)?
2
Let d = 57 + 34. What are the prime factors of d?
7, 13
Suppose 5*f + 5*y = 45, -2*f - 3*y + 20 - 4 = 0. Let j = -5 + f. List the prime factors of j.
2, 3
Let w = 457 - 268. List the prime factors of w.
3, 7
Suppose d + 2*i = 9, -4*d = -d + 5*i - 27. What are the prime factors of d?
3
Let i(q) = q**2 + 3*q + 3. Let k be i(-2). Let t = k + -7. List the prime factors of (-4)/t + (-7)/(-3).
3
Suppose -q - 3*y + 43 = -0, -3*q + 121 = 5*y. Let r be (1 - -1) + 1/1. Suppose -19 = -2*w + r*n, 2*n + 2*n = -w + q. List the prime factors of w.
17
Suppose 117 + 43 = 4*u. Suppose 5*g - 6*g = -u. What are the prime factors of g?
2, 5
Let r = 13 + -8. Suppose -3*l - r = -11. Suppose 4*z = -3*y - 0*z + l, 10 = 4*y - 2*z. List the prime factors of y.
2
Suppose 8*c - 5*c = 1776. Let d be c/72 - (-2)/(-9). Suppose -4*f + f = b - 2, -2*b - 5*f + d = 0. List the prime factors of b.
2, 7
Let h be (-2)/4 + 28/8. Suppose h - 10 = -m. List the prime factors of m.
7
Let t(k) = -k**3 - 2*k + 146. List the prime factors of t(0).
2, 73
List the prime factors of 8*4/(16/4).
2
Suppose 6*s = 3*s. Suppose 3*g - g = s. Suppose 45 = -g*o + 5*o. What are the prime factors of o?
3
Let a be (-68)/(-5) + 15/(-25). Suppose -5*h = a - 38. Let c = h - 1. List the prime factors of c.
2
Suppose 681 = 9*v + 204. List the prime factors of v.
53
Let b = 7 + -2. Let g be -2*(-1 - (-1 - -2)). Suppose -6*k - 2*o + 12 = -3*k, g*k = -b*o + 9. List the prime factors of k.
2, 3
Let v = 2 + -1. Suppose 3*n - 74 = v. Let h = n - 13. What are the prime factors of h?
2, 3
Let y = 4 - -11. Suppose 0 = j + 5*u - y, -j - 4*j = 2*u - 52. What are the prime factors of j?
2, 5
Let a = 6 + 17. Let z be 2/(-4*3/(-6)). Suppose a - z = 2*t. List the prime factors of t.
11
Let q = 2 + 2. Suppose v + 30 = q*v. List the prime factors of v.
2, 5
Suppose 0 = 2*i + 20 + 10. Let s = i + 50. What are the prime factors of s?
5, 7
What are the prime factors of (-4)/((-12)/(-15))*(-12)/5?
2, 3
Suppose -11 = -5*q - o + 18, -q + 1 = -o. What are the prime factors of q?
5
Suppose -x + 22 = -i, 3*x + 0*x = -3*i + 90. Let h be (-2 - -16)*(-2)/(-2). Let n = x - h. What are the prime factors of n?
2, 3
Let w(l) = 3*l + 3. Let q(x) = 3*x + 2. Let k(o) = 7*q(o) - 6*w(o). Let i be k(3). Suppose -t + m - 4 = -3*m, -i*m + 2 = -2*t. What are the prime factors of t?
2
List the prime factors of -1*(-32 + 0/4 + 0).
2
Suppose 5 = -0*f - f. Let s be 20/25*f/(-2). Suppose 0 = b + s - 21. What are the prime factors of b?
19
Let q = -17 - -22. Suppose -61 = -q*x - 4*g, -2*x + 24 = 3*g - 6. List the prime factors of x.
3
Suppose -23*w - 285 = -28*w. What are the prime factors of w?
3, 19
Suppose 4*u - 50 = 3*g, 3*u - 4*g - 26 = 15. List the prime factors of u.
11
Let z be (-36)/(-20)*(-10)/(-3). What are the prime factors of z/7*77/22?
3
Let n(l) = l - 7. Let f be n(10). Let c = 12 + f. Let g = c + -10. List the prime factors of g.
5
Suppose 2*b + 0*b = 0. Suppose 2*q = -h + 2*h, b = 4*q - 16. List the prime factors of h.
2
Let v(l) = -4*l - 4. Let f be v(-3). Let s = 14 - f. Let x(i) = 2*i + 1. What are the prime factors of x(s)?
13
Suppose 4*k - 33 = -13. What are the prime factors of k?
5
Let v(d) = -d + 3. Let f be v(0). Suppose -f*q + 24 = q. Let s = q + -4. List the prime factors of s.
2
Let d(y) = -2*y**2 + 13*y - 11. Let w(v) = -v**2 + 6*v - 5. Let a(g) = 6*d(g) - 13*w(g). What are the prime factors of a(4)?
3, 5
Suppose 19*q = 15*q + 1528. List the prime factors of q.
2, 191
Let n(w) = 3*w**2 - 18*w - 6. List the prime factors of n(7).
3, 5
Suppose -3*t = 3*t - 264. List the prime factors of t.
2, 11
Let u = 5 + -2. Suppose h - 40 = -u*h. List the prime factors of h.
2, 5
Let i = -6 - -8. Let d(g) = g**3 + 3*g**2 - g. List the prime factors of d(i).
2, 3
Suppose 1 - 21 = -5*k, 0 = -4*l + 5*k - 16. Let c be 1 + (-1 - 0)*l. Suppose 4*q - 44 - 4 = c. What are the prime factors of q?
2, 3
Let p = 24 - 16. What are the prime factors of p?
2
Let o be -2 + 1 + -1*1. Let q be -5 + -1 + 1 + o. Let t = q + 11. What are the prime factors of t?
2
Let o = -16 + 29. Suppose -4*j + o + 91 = 0. List the prime factors of (1 + j)*1/3.
3
Let v = 10 - 5. Let t(k) = k - 1. What are the prime factors of t(v)?
2
Suppose 0 = 4*p + 3*s - 424, 4*s + 190 = -0*p + 2*p. What are the prime factors of p?
103
Let r be (97 - -1)*2/2. Let i be r/8 - (-3)/(-12). Suppose 5*b = b + i. List the prime factors of b.
3
Suppose -v + 2*w = 2, -v + 6 = 3*w - 2. Let p be -1*12*v/(-4). List the prime factors of 28/p - 1/(-3).
5
Suppose -2*j - 2 = -4. Suppose j = -5*d + 11. Suppose -d*r + 0*r + 6 = 0. List the prime factors of r.
3
What are the prime factors of 8/4*(0 - -1)?
2
Let i(l) = l**2 + 4*l + 3. Let s be i(-2). Let u = s + 3. Suppose u*n = -0*n + 8. What are the prime factors of n?
2
Suppose -5*s - u = -3, -3*u + 6 = s - 3. Suppose m + 12 = -s*m. Let f = -7 - m. What are the prime factors of f?
5
Suppose 5*o - 7 = 3*p, -3*o + 3*p = p - 4. Suppose 46 = o*l + 6. What are the prime factors of l?
2, 5
Let v(f) = 2*f**2 + 6*f - 4. Let i = -10 - -5. List the prime factors of v(i).
2
Let c(p) = 5*p**2 + 9*p. List the prime factors of c(-5).
2, 5
Suppose 40*w = 42*w - 270. List the prime factors of w.
3, 5
Suppose -2*p = 3*p. Let u = -3 - p. What are the prime factors of (-4)/u*(-6)/(-2)?
2
Let p(x) = x - 2. Let l be p(9). Let r = l + 4. What are the prime factors of r?
11
Suppose -132 = -3*i + 33. List the prime factors of i.
5, 11
Let n(z) = -58*z + 2. List the prime factors of n(-1).
2, 3, 5
What are the prime factors of (((-162)/(-12))/9)/(2/116)?
3, 29
Let r = -68 - -148. Suppose 112 = 4*s - r. List the prime factors of s.
2, 3
Suppose -m = 4*m - b - 53, -17 = -2*m - b. Let s = -7 + m. What are the prime factors of 37/s + 2/(-6)?
2, 3
Let h = -45 + 65. Let b be (105/h)/(1/4). Let o = b + -13. What are the prime factors of o?
2
Suppose 5*b = -4*j + 300, 0 = 2*b - b + 4. List the prime factors of j.
2, 5
Suppose 4*l + 4*v - 174 = -l, 0 = 2*l + v - 69. Suppose -3*k + 2*k + l = 0. List the prime factors of k.
2, 17
Suppose -4*q + 10 = q. Suppose -3*y = -3*p + 12, -5*y + 15 = 2*p - 0. Suppose r + 4*r + y = -n, q*n - 3*r = 24. List the prime factors of n.
3
Suppose 2*u - g = -3*g + 210, u - g - 97 = 0. List the prime factors of u.
101
Suppose -2*v = -c - v - 5, -5*c - 20 = -4*v. List the prime factors of (-24)/(-2) - (0 - c).
2, 3
Suppose 6*c - 1 = 11. List the prime factors of (6/(-15))/(c/(-110)).
2, 11
List the prime factors of (32/(-40))/(-4) + 188/10.
19
Let n(d) = -2*d**2 - 26*d - 19. List the prime factors of n(-10).
41
Let t(r) = -r**2 - 7*r + 4. Let g be t(-6). Let i be ((-4)/g)/(2/(-60)). List the prime factors of (i/(-14))/(2/(-14)).
2, 3
Let l = 4 + -5. Let h(n) = 14*n**2 - n - 1. What are the prime factors of h(l)?
2, 7
Let v(s) = 2*s**2 + 9*s + 9. Let u be v(-10). Suppose -o = -4*y - 41, -10 + u = 3*o + 2*y. List the prime factors of o.
37
Let m = 10 + -5. Suppose -16 = -5*g - 4*r, m*r + 3 - 23 = -3*g. Let v = g + 2. What are the prime factors of v?
2
Let w(r) = -r**2 - 9*r - 4. Let m be w(-5). Suppose i = 2*i - m. List the prime factors of i.
2
List the prime factors of (-3)/12 + (-1881)/(-36).
2, 13
Let i(p) = -2*p. Let n be i(-1). Suppose w - 5*b = 5*w + 42, -b + 6 = -w. List the prime factors of (n - 0)/((-4)/w).
2
Let z be (14/6)/(2/(-6)). List the prime factors of (-82)/z - 16/(-56).
2, 3
Let p be ((-2 - 0) + 7)*1. Let w = -3 + p. Suppose 0 = 5*t + w*o - 54, -2*t + 9 = -2*o - 7. List the prime factors of t.
2, 5
Suppose v - 19 = 3*a - 1, -5*v - 10 = 5*a. Let g(t) = -4*t + 0*t - 2 + 3*t. List the prime factors of g(a).
3
Suppose 6*q = 8*q - 8, 0 = 4*m - q - 952. What are the prime factors of m?
239
Suppose 0 = -2*n + 3*s + 55, -2*s - 64 = -3*n + 16. What are the prime factors of n*2/4 + -3?
2, 5
Suppose 3*b - 10 + 4 = 0. Suppose -3*i + 48 = -c - 3*c, -32 = -b*i - c. What are the prime factors of i?
2
Let u be (2/3)/((-5)/(-75)). Suppose 2*l = l + u. List the prime factors of l.
2, 5
Let t = -3 + 7. Suppose -t*f = -2*f - 18. List the prime factors of f.
3
Suppose 23 = 3*y + 2*i, 3*i - 22 - 9 = -4*y. Suppose 3*m + 11 = -y. List the prime factors of m/8 - 11/(-4).
2
Let k(i) = -3*i - 4. Let q be k